 0. Suppose u*a - 3441 = 3064. What is the hundreds digit of a?
3
Let s(h) = 11*h**2 + 72*h - 2201. What is the tens digit of s(28)?
3
Let a = 920 + -293. Let k = a + -488. What is the tens digit of k?
3
Suppose -3*q + 0*q = -6. Let c be ((-15)/q)/5*60/(-18). Suppose 3*p = 3*d + 6, -d - c*p + 31 = d. What is the units digit of d?
3
Suppose k + 772 = -3*k. Let a = k + 303. Let q = -31 + a. What is the tens digit of q?
7
Let b = -11327 + 7863. Let x = -1922 - b. What is the thousands digit of x?
1
Let k be 6*(-2 + -2)/12. Let y(f) = -f**3 + f**2 + 5*f + 6. Let v be y(k). What is the tens digit of (380/v)/((-1)/(-2))?
9
Suppose 4*m = -12, 5*o - 3*m = -28 + 2. Let c(y) = -17*y + 62. What is the units digit of c(o)?
1
Suppose 20*o - 10770 = 10*o. Suppose 13*z = o + 1861. What is the hundreds digit of z?
2
Suppose 2*s + 4*f = 2042, 34 = 7*s - 3*f - 7096. Suppose 3*r = 12, 2*r + 1109 = 3*l - s. What is the units digit of l?
2
What is the units digit of -3 - 129989/(-7) - (432/112 - 3)?
6
Let k(g) = -g**2 + 12*g + 5. Let o(m) = -4*m - 33. Let h be o(-10). Let s be k(h). Let i = s + 19. What is the tens digit of i?
5
Let y = -26 + 27. Let x be ((-27)/(-12)*20/15)/y. Suppose x*i - 3*p = 831, -3*i + p + 831 = -p. What is the hundreds digit of i?
2
What is the units digit of (-12*2868/72)/(-3*2/177)?
1
Let q(d) = 3*d + 180. Let a(k) = -k**2 + 13*k - 40. Let i be a(8). What is the tens digit of q(i)?
8
Suppose 6*l - 46920 = -34*l. Let o = l - 580. What is the hundreds digit of o?
5
Suppose 3*z - 3*h + 31 = -38, 5 = -5*h. Let l be (0 + (-148)/12)/(4/z). Suppose 14*p - l = 12*p. What is the tens digit of p?
3
Suppose 107474 = 408*b - 322759 - 2754615. What is the hundreds digit of b?
8
Let c = -81 - -87. Let u be 6/(c/31) - 5. What is the units digit of u - (0 - 5) - -5?
6
Let c(p) = -p**3 + 19*p**2 - 20*p + 40. Let o be c(18). Suppose 3*w + 2347 = 5*i + 4*w, 3*i + o*w - 1398 = 0. What is the units digit of i?
0
Let s = 234 + -229. Let b(o) = -o + 1. Let h be b(-2). Suppose -h*f + 458 = -5*c, 2*f + c - 308 = s*c. What is the tens digit of f?
4
Suppose -27947 - 600187 = -39*l. What is the ten thousands digit of l?
1
What is the thousands digit of ((-1413)/(-942))/(1/2474 + 0)?
3
Suppose -445*r = -374*r - 305655. What is the thousands digit of r?
4
Let a(b) = 18*b**2 - 6*b + 87. Let u be a(8). What is the hundreds digit of (u/9 - 13)/((-2)/(-12))?
7
Let f = 464 - 464. Suppose f = t - 517 + 471. What is the tens digit of t?
4
Suppose 0*o + 4*o = -4*l + 884, -4*o - 5*l = -880. Let i = o - 97. What is the hundreds digit of i?
1
Suppose -128*v + 123*v = -8100. Let a = v + 244. What is the units digit of a?
4
Suppose m + 52 = 5*q, 3*m - 17 = -5*q + 27. Suppose 702 = -90*v + 93*v. Suppose 7*l - q*l = -v. What is the tens digit of l?
7
Suppose 6*c + 16 = -8. Let q(f) = 7*f**2 + f - 7. Let a be q(c). Suppose 102*r = a*r + 32. What is the tens digit of r?
3
Suppose -127*n + 2743202 + 1825604 = 766807. What is the tens digit of n?
3
Let o = 76 - 66. Let q be (-349)/4 + 0 + o/40. Let w = 88 + q. What is the units digit of w?
1
Let u be 2/11 - (-487168)/(-121). Let v be ((-8)/10)/(4 + u/1005). Suppose 4*y + x - 511 = 0, y = 2*y - x - v. What is the hundreds digit of y?
1
Let q(a) = 5*a - 3. Suppose 3*f + 4*c = -8, -3*f - 3*c - 9 = -3. Suppose -5*o + 70 = k, f*k = 4*o + 2*k - 62. What is the units digit of q(o)?
2
Let q(m) = 10*m + 28. Let t(s) = -s**2 - 15*s - 20. Let v be t(-14). Let c be q(v). Let f(b) = b**3 + 30*b**2 - 67*b + 46. What is the tens digit of f(c)?
4
Let t be 3*(8 + 200/(-24))*33. Suppose -68 = 3*w - 10*f + 5*f, 2*w - 3*f = -47. Let h = w - t. What is the units digit of h?
2
Let f = -244 - -254. Suppose 11*q - 298 = f*q. What is the tens digit of q?
9
Suppose 6*g = -50 + 50. What is the units digit of -6 + -6 + 608 + g?
6
Let a be (57/38)/(3/4). Suppose -8*d + 3*d + 1 = 2*z, 2*z + 2 = -a*d. What is the units digit of (-57 - -9)*z/6?
6
Suppose 10*n - 462 = 12*n. What is the tens digit of (-42)/n - 3760/(-11)?
4
Let m(f) = f**3 - 6*f**2 - 3*f + 1. Suppose 0 = -8*r + 50 + 14. Let s be m(r). Suppose 9*k = 8*k + s. What is the tens digit of k?
0
Let a(t) = -150*t - 4*t**2 - t**3 + 159*t + 3 - 4*t**2. Let q be a(-9). Suppose -v + 17 = q*l - 23, 0 = 4*v + 4*l - 192. What is the units digit of v?
2
Suppose 117328*p - 117309*p - 754737 = 0. What is the thousands digit of p?
9
Suppose 0 = -5*w + w - 684. Let d = 243 + w. What is the units digit of d?
2
Suppose -1206*n = -1209*n + 43041. What is the units digit of n?
7
Let y(s) = 11*s**2 - 3*s + 38. Let q be (0 + 2/3)/((-34)/255). What is the units digit of y(q)?
8
Suppose 0 = -6*n + 75 - 3. Suppose 32*w + n = 33*w. Suppose 0 = -r + 91 + w. What is the units digit of r?
3
Suppose -8549 - 11782 = -7*u - 2418. What is the tens digit of u?
5
Suppose 2285 - 129 = -2*k. Let t = k - -2606. What is the thousands digit of t?
1
Suppose 132964 = 31*c - 60546 - 130316. What is the units digit of c?
6
Let x = -861 + 407. Let v be (-2)/12 + x/12. Let h = v + 42. What is the units digit of h?
4
Suppose 0 = -v - k + 117, -v - 4*k + 58 = -68. Suppose 4*u = -5*b - 297, 0 = -4*u - 42 + 50. Let y = b + v. What is the tens digit of y?
5
Suppose 5*y - f - 3*f = 385, -2*y + 154 = -3*f. Suppose 8020 = y*w - 67*w. What is the units digit of w?
2
Let p(m) = 19*m**2 + 11*m - 35. Let l = 39 - 29. Let k be p(l). What is the hundreds digit of (-3*(-4)/30)/(5/k)?
1
Let j be 210/(-35)*(-2 + 1). Suppose m - g = j*m - 53, g = 4*m - 46. Let h(i) = -i**3 + 10*i**2 + 16*i + 2. What is the units digit of h(m)?
7
Let q(v) = -178*v - 151. Let p be q(-12). Let l = 3786 - p. What is the thousands digit of l?
1
Suppose -2258*g - 26507 + 415441 = -2244*g. What is the hundreds digit of g?
7
Let p(x) = 2*x + 115. Let d(w) = -2*w + 116. Let s(j) = -2*d(j) + 3*p(j). What is the hundreds digit of s(22)?
3
Suppose 17*k - 6*k = 33. Let l be -1 - 12/(0 + -4). What is the units digit of k/(-2)*(632/(-3))/l?
8
What is the units digit of (-128)/(-3)*(-4374)/(-216)?
4
Let j(o) = 3*o**3 - o**2 - 13*o - 8. What is the tens digit of j(13)?
4
Let g(l) = -59*l**3 - l**2 + l. Let x be g(2). Let n = -252 - x. What is the hundreds digit of n?
2
Suppose -6 = 3*g, -4*f + 3*f + 1 = g. Let r be 3275/75 + (-2)/f. Let k = 47 - r. What is the units digit of k?
4
Suppose -117*v + 107*v = -1140. Suppose -v*y + 117*y - 915 = 0. What is the tens digit of y?
0
Let p = 46352 + -22497. What is the thousands digit of p?
3
Let d be -7 - -110 - -1*(0 - 0). Suppose 14*l - d = 51. What is the tens digit of l?
1
What is the units digit of 6 + (0 - (-80464)/14 - (-468)/(-1092))?
3
Let m(s) = s**3 - 5*s**2 - 27*s + 3. Let d be m(11). Let p = d + -239. What is the units digit of p?
3
Let u(p) = 2*p - 28. Let g be u(18). Suppose g*n + 963 + 413 = 0. Let d = n - -258. What is the tens digit of d?
8
Suppose m - i = 5*m - 417, 4*m - i = 415. Suppose m = 3*h + 2*c - 98, -2*c + 138 = 2*h. What is the tens digit of h - 0 - (-12 + 15)?
6
Suppose 50*g + 981 = 41*g. Let d = g + 486. What is the units digit of d?
7
Let v = 32122 - -160. What is the tens digit of v?
8
Suppose 10*u + 17*u - 32797 = 397772. What is the tens digit of u?
4
Suppose -4*z - 2*h - 10 = 0, 3*h + 4 = -3*z - 11. Suppose -4*w + 0*p = p + 4, z = 4*w - 3*p - 12. What is the tens digit of (52 + w)/(0 + 2)?
2
Let b = -15554 + 25969. What is the tens digit of b?
1
Suppose -44*r - 52 = -48*r. Let w be r/26 + (-143)/2. Let h = -6 - w. What is the units digit of h?
5
Let y(b) = 13*b**2 - 31*b + 116. What is the hundreds digit of y(27)?
7
Let i(n) = -315*n + 329. Let a be i(-13). Let b = -2786 + a. What is the hundreds digit of b?
6
Let u = -1264 - -2779. What is the thousands digit of u?
1
Let g be (4/(-3))/((-2)/6*-1). What is the hundreds digit of 0/(28/g) + 195?
1
Suppose -115*n + 3743784 = n. What is the units digit of n?
4
Let f(d) = -5*d + 52. Let w(a) = -a**3 + 4*a**2 + 10*a - 7. Let c be w(6). Let m be f(c). Suppose 0 = -8*u + u + m. What is the units digit of u?
1
Suppose -u = 2*q - 2, 5*u + 9 = -q + 1. Let i(b) = 5*b**2 + 11 + b**2 + 4 - 6*b - 3*b**q. What is the tens digit of i(8)?
5
Let y be (51/(-102))/(2*1/1052). Let m = 1521 + y. What is the thousands digit of m?
1
Let y(i) = -14*i - 7. Let w be y(0). What is the units digit of 